t - 5*a = j. What is the units digit of w(t)?
6
Let g(t) = -139*t**3 + 31*t**2 + 142*t - 52. What is the units digit of g(-6)?
6
Suppose 2*j = -2 + 36. Let v(f) = -196*f**2 + 12*f + 22 + 94*f**2 + 10*f + 101*f**2. What is the hundreds digit of v(j)?
1
Let o = -5214 - -7355. What is the hundreds digit of o?
1
Let u(t) = 17*t - 16*t + 31*t - 24 + 9*t. What is the units digit of u(8)?
4
What is the units digit of (-7)/(-28) - (1/(-8))/(4/26168)?
8
Let x be (0 + (1 - -14))*16/48. Suppose -x*g = g - 204. Suppose 2*p = 3*l + 174, p - 5*l = g + 60. What is the tens digit of p?
8
Let g(w) = -50769*w**3 - 25*w**2 - 26*w - 1. What is the tens digit of g(-1)?
6
Suppose -2*a - 60 = 4*a. Let m(k) = k**2 + 11*k + 12. Let t be m(a). Suppose -t*n + 21 = -7. What is the tens digit of n?
1
Suppose -4*q + 19873 = -21*q. Let w = 2410 + q. What is the thousands digit of w?
1
Let k(d) = 37*d + 83. Let y be k(5). Let c = y + -207. What is the units digit of c?
1
Let n(o) = -374*o - 1491. What is the tens digit of n(-28)?
8
Let s be (-2 + 2)/((-5 - -5) + -2). Suppose s = 18*c - 14*c - 1512. What is the hundreds digit of c?
3
Let k(g) = 105*g**2 - 9*g - 85. What is the tens digit of k(-7)?
2
Let w(s) = -788*s + 1051. What is the units digit of w(-5)?
1
Let q(z) = 330*z + 130. Let j be q(12). Let n = -2493 + j. What is the thousands digit of n?
1
Suppose 2*n + 3*p + p = 3220, 3*n + 2*p = 4826. Let s = n + -728. What is the units digit of s?
0
Suppose -5*a + 4*p - 5 = 0, a + 0*a - p = -2. Let o(u) = 5 + 33*u - 4 - 21*u + 26*u. What is the units digit of o(a)?
5
Let k(m) = 918*m**2 - 56*m + 290. What is the ten thousands digit of k(6)?
3
Let l(y) = 51*y + 102. Let x be l(-4). Let n = -9 - x. What is the units digit of n?
3
Let k(t) = -81*t - 79. Let i be k(5). Let v = 592 + i. What is the hundreds digit of v?
1
Let q(x) = 3*x**2 + 94*x - 255. What is the hundreds digit of q(-38)?
5
Let t be ((-40)/3)/(18/(-135)). Let o = 103 - t. What is the units digit of o?
3
Let r(j) be the second derivative of 0 - 1/2*j**3 - 27/2*j**2 + 11*j. What is the tens digit of r(-13)?
1
Suppose 4*a + 4 = 5*j - 1682, -2*j + 677 = a. Let w = j + -292. What is the units digit of w?
6
Let t(l) be the third derivative of -7*l**4/8 - 4*l**3 + 26*l**2. Let j be t(-3). Let h = 33 + j. What is the tens digit of h?
7
Suppose 15 = -3*w, 5*s - 147378 = 3*w - 56693. What is the thousands digit of s?
8
Let k(y) = 7*y - 80. Let g be k(12). Suppose -g*j - h - 1631 = -5262, -2*j = -2*h - 1828. What is the units digit of j?
9
Suppose -5*m + 8*m - s = 30, -3*m + 4*s + 39 = 0. Suppose -m*i + 9353 - 209 = 0. What is the hundreds digit of i?
0
Let y(f) = -52388*f + 320. What is the thousands digit of y(-1)?
2
Let h(w) = 66*w**2 + 3. Let s(p) = -26*p**2 + 1. Let q(d) = -h(d) - 3*s(d). Suppose -2 = -0*i - i. What is the units digit of q(i)?
2
Suppose -4*t = -5*z + 11351 - 41645, -5*t + 2*z + 37876 = 0. What is the units digit of t?
6
Let p = 12780 - 8881. What is the units digit of p?
9
Let n be ((-9)/(-2) + -2)*18/15. Suppose -x + 537 = -n*m, -m = m + 2. Let b = x - 319. What is the tens digit of b?
1
Suppose -38*s + 40*s = 0. Suppose 2*t + 2*o - 18 = s, -4*t + 2 = -o - 19. Suppose -4*u - 4*n + 384 = 0, -u - n = -t*u + 486. What is the tens digit of u?
9
Let z(a) = 8*a**3 + 12*a**2 - 52*a - 73. Let o(l) = -3*l**3 - 4*l**2 + 17*l + 24. Let f(q) = -11*o(q) - 4*z(q). What is the units digit of f(13)?
2
Suppose -4*t + 8693 = -5*f, -5*t = 3*f - 5*f - 10879. Suppose -t = -s - 6*s. Suppose s = 4*p + 99. What is the tens digit of p?
5
Let y be 850 - (-5 + 10) - 0. Let i = y + -602. What is the hundreds digit of i?
2
Let p(n) = -42*n + 4. Suppose 16 + 4 = 4*t. Let u(v) = -83*v + 8. Let k(d) = t*p(d) - 2*u(d). What is the units digit of k(-3)?
6
Let w be (1/(-1))/(2/(-310)). Let n = w - 401. Let i = n + 412. What is the tens digit of i?
6
Let i = -2372 - -1284. Let r = -760 - i. What is the hundreds digit of r?
3
Let o(f) = -78*f + 58. Let b be o(-13). Suppose -5*n + 1004 = -4*c - b, 5*n + 4*c = 2084. What is the units digit of n?
6
Let g = 2151 + -2170. Let s(w) be the second derivative of -w**5/20 - 19*w**4/12 - 5*w**3/3 - 35*w**2/2 - w. What is the hundreds digit of s(g)?
1
Let d be (4/20 + (-20)/(-25))*-5. What is the units digit of d + (1 - -747) - 6?
7
Let h(d) = 596*d - 37. What is the units digit of h(17)?
5
Suppose 350*d - 323*d - 1272132 = 0. What is the units digit of d?
6
What is the tens digit of 0 + (-3 + -2)/(-5) + 15667?
6
Suppose 123 = 3*l - 3*d, 12*d + 98 = 3*l + 14*d. What is the tens digit of 2/(-6) + ((-178464)/l)/(-13)?
8
Let c(k) = -5*k - 5. Let v be c(-2). Suppose v*b + 4*o = 28, -3*b = 5*o - o - 20. Let u(p) = 13*p - 8. What is the units digit of u(b)?
4
Suppose -28 + 576 = -2*h. Let s = 476 + h. What is the tens digit of s?
0
Let u = 159 + -41. Suppose -4*y - u = 4*h - 3*h, y = -4*h - 427. Let x = h + 169. What is the units digit of x?
3
Suppose h - 2 = -r - 1, 2*r + h = 4. Suppose -94 - 14 = -r*s. Suppose 0 = 5*w - 11*w + s. What is the units digit of w?
6
Let c(v) = -10*v - 38. Let o be c(-4). Suppose y = 5*w - 2816, 3*w + w - 2250 = -o*y. What is the tens digit of w?
6
Let s(x) = x**3 - 37*x**2 + 194*x - 7. What is the ten thousands digit of s(39)?
1
Suppose 3*j + 159 = -3*s, 0 = -4*j + 6 - 22. Let d be (-7462)/s - (-4)/(-14). Suppose 3*g - d = -23. What is the units digit of g?
3
Let n be 15/(-4 + (-2 + -3 - -10)). Let z(w) = 4*w**2 - 23*w + 129. What is the hundreds digit of z(n)?
6
Let p(b) = 30*b**2 + 184*b + 16. What is the thousands digit of p(-17)?
5
Let k(a) = 21*a - 59. Let q be k(22). Let z = q - -146. What is the tens digit of z?
4
Suppose 0*o + 5*o = 450. Suppose 0 = -2*r - r - 4*p - 149, 68 = -r - 5*p. Let x = r + o. What is the tens digit of x?
4
Suppose 902 = 3*u - 865. Suppose u - 5799 = -5*n. What is the tens digit of n?
4
Let s be 284/10 - (-2)/(-5). Let d = s - 28. Suppose d*i + 460 = 5*i. What is the tens digit of i?
9
Let g = 36438 - 21081. What is the tens digit of g?
5
Let p(b) be the first derivative of -b**4/4 + 19*b**3/3 + b**2/2 + 42*b - 9. What is the tens digit of p(19)?
6
Let i = -1593 + 1912. Let x be (6/4)/(2/100). Suppose -4*s = -i + x. What is the tens digit of s?
6
Let r = 5087 - -9943. What is the thousands digit of r?
5
Let v = 679 - 312. What is the hundreds digit of v?
3
Let o(x) = -x**3 - 17*x**2 + 4*x + 12. Let v be o(-12). Let n = 834 - v. What is the hundreds digit of n?
5
Let x(s) be the second derivative of -9*s**3/2 + 16*s**2 - s + 93. What is the hundreds digit of x(-5)?
1
Let z = 29842 - 16503. What is the units digit of z?
9
Suppose -t = 10*t. Suppose m - 1560 = 2*u, t = -2*m + 5*u + 2373 + 751. What is the units digit of m?
2
Suppose 13 = -4*m + 4*z - z, -2*z + 6 = 0. Let l(i) = -329*i**3 - i**2 + 1. What is the units digit of l(m)?
9
Let t(j) = -j + 52. Let x be t(-8). Let w(c) = 8*c**2 + c - 3. Let i be w(4). Let r = i - x. What is the tens digit of r?
6
Suppose 0 = 12*r - 1201 + 6265. Let y = 605 + r. Suppose y = 10*s - 7*s. What is the tens digit of s?
6
Suppose 2*v = -4*p + 11428, 4*p - 3*v - 3870 = 7528. What is the tens digit of p?
5
Let f(b) = 13*b**3 - 8*b**2 + 56*b - 10. What is the thousands digit of f(6)?
2
Suppose 0 = -14*l - 751 + 1226 + 729. What is the tens digit of l?
8
Let g be (-45)/(-10) + -4 + (-438)/12. Let h(y) = 2*y**2 + 57*y + 117. What is the units digit of h(g)?
7
Let w(m) = -8*m**3 + 35*m + 36. What is the thousands digit of w(-10)?
7
Let s = -742 - -11535. What is the hundreds digit of s?
7
Let n(k) = 2*k**2 + 16*k + 5. Let w be n(-8). Let q(u) = 7*u**2 - 5. Let i be q(w). Let b = -80 + i. What is the tens digit of b?
9
Let d be 1 - (-3 - -2)*63/9. Suppose -d*h = -9930 + 1794. What is the hundreds digit of h?
0
Let x(a) = -a**2 - 8*a. Let i be x(-9). Let l = i + 122. Let g = -12 + l. What is the tens digit of g?
0
Let i = -224 + 229. Suppose 5*q = -i*n + 1790, 4*n = 3*q - 221 + 1660. What is the tens digit of n?
5
Suppose 0 = -5*p - f + 57 + 1, -3*p + 34 = f. What is the tens digit of (-625)/(-19) + p/114?
3
Let a be (54/(-12))/(6/8). Let z be (-3)/(135/a) + (-47)/15. What is the tens digit of -3*(-4 + 13/z)?
2
Suppose 5*b - 7 = 3. Suppose 4*p - 4*i = 236 + 792, p - b*i - 256 = 0. What is the units digit of p?
8
S